etermine u(11).
57
Let r(y) = -y**3 + 12*y**2 + 131*y - 1532. What is r(11)?
30
Let h(w) = w**3 - 15*w**2 - 24*w + 321. What is h(15)?
-39
Let p(o) = -o**3 + 17*o**2 + 18*o + 58. Determine p(18).
58
Let s(t) = -t**3 - 16*t**2 - 7*t - 30. Calculate s(-7).
-422
Let b(g) = g**3 + 11*g**2 + 235*g + 2959. Calculate b(-12).
-5
Let r(p) = p**3 + 12*p**2 + 25*p + 78. Determine r(-8).
134
Let b(h) = -45*h**3 + 7*h**2 + 7*h - 4. Calculate b(-1).
41
Let r(y) = 7*y - 86. Give r(38).
180
Let m(g) = -g**3 - 43*g**2 + 95*g + 228. What is m(-45)?
3
Let n(w) = w**3 - 41*w**2 + 110*w + 144. Give n(38).
-8
Let p(i) = 4*i**2 - 16*i - 72. What is p(9)?
108
Let r(m) = -2*m**2 + 43*m - 101. Calculate r(20).
-41
Let g(t) = -t**3 + 4*t**2 + 3*t - 3. Give g(4).
9
Let w(i) = 90*i + 9813. Calculate w(-109).
3
Let k(t) = -3*t**3 + 6*t**2 + 22*t - 8. Calculate k(7).
-589
Let d(h) = h**2 + 12*h + 10. Calculate d(-13).
23
Let x(y) = 2*y**2 + 70*y + 16. Determine x(-36).
88
Let x(y) = -13*y - 452. Calculate x(-37).
29
Let q(b) = 5*b - 273. Calculate q(49).
-28
Let p(b) = 3*b**2 + 349*b - 351. Give p(1).
1
Let d(v) = 2*v**2 - 90*v - 513. Determine d(-6).
99
Let w(f) = -f**2 - 558*f + 5106. What is w(9)?
3
Let m(i) = i**3 + 12*i**2 + 2*i + 97. Give m(-12).
73
Let o(p) = 5*p - 1053. Calculate o(208).
-13
Let y(g) = -53*g**2 + 42*g + 2. What is y(2)?
-126
Let v(r) = -273*r + 26758. Determine v(98).
4
Let q(p) = p**2 - 117*p + 1873. Determine q(98).
11
Let x(y) = -y**3 + 45*y**2 + 93*y + 32. Give x(47).
-15
Let z(b) = -5*b**2 - 17*b + 50. Calculate z(4).
-98
Let o(l) = -12*l**2 + 743*l - 2068. Give o(59).
-3
Let f(v) = v**3 + 70*v**2 + 137*v + 56. What is f(-68)?
-12
Let t(h) = h**3 - 14*h**2 - 724*h + 15. What is t(-21)?
-216
Let n(w) = -99*w + 259. Calculate n(3).
-38
Let n(u) = -2*u**2 + 36*u - 1. Calculate n(18).
-1
Let q(h) = -19*h**2 + 9*h + 136. Calculate q(3).
-8
Let n(a) = 2*a**2 - 17*a - 137. Calculate n(21).
388
Let r(t) = -9*t**2 - 69*t + 1. Determine r(-8).
-23
Let a(p) = 31*p + 34. What is a(-2)?
-28
Let s(g) = -4*g**3 + 59*g**2 - 44*g + 44. Give s(14).
16
Let w(o) = -7*o**2 - 498*o - 1513. Determine w(-68).
-17
Let q(p) = 2*p**3 + 58*p**2 + 56*p + 70. Give q(-28).
70
Let p(l) = -17*l**3 + 2*l**2 + 41*l + 39. Calculate p(-1).
17
Let g(u) = 61*u - 1022. Determine g(16).
-46
Let r(t) = -113*t - 189. Determine r(-2).
37
Let q(v) = 17*v**2 + 1798*v - 423. Give q(-106).
1
Let s(a) = a**3 - 129*a**2 - 276*a + 1807. Give s(131).
-27
Let w(y) = -y**3 - 7*y**2 + 473*y + 3248. Calculate w(-7).
-63
Let o(a) = -2583*a - 5170. Give o(-2).
-4
Let f(t) = 4593*t + 96462. Calculate f(-21).
9
Let y(i) = -2*i**2 + 208*i - 2. What is y(0)?
-2
Let j(t) = -t**3 + 3*t**2 + 8*t + 11. What is j(-2)?
15
Let z(r) = 2*r**3 + 11*r**2 + 13*r + 21. Determine z(-7).
-217
Let s(n) = 7*n**2 - 235*n + 668. What is s(3)?
26
Let q(j) = -5*j**2 - 29*j + 162. Determine q(-10).
-48
Let r(j) = -j**2 - 8*j + 39. Determine r(-10).
19
Let l(k) = -7*k**2 - 43*k + 59. What is l(-7)?
17
Let g(i) = -3*i**2 + 7*i + 31. Calculate g(-4).
-45
Let p(d) = 46*d + 735. Determine p(-17).
-47
Let f(h) = -130*h - 3984. Calculate f(-30).
-84
Let g(c) = -c**3 - 10*c**2 + 45*c + 260. Give g(-12).
8
Let z(n) = -n**2 - 28*n + 4041. Calculate z(-79).
12
Let d(m) = -167*m**2 + 985*m + 23. What is d(6)?
-79
Let d(c) = c**3 + 10*c**2 - 1060*c - 6510. What is d(-6)?
-6
Let k(c) = -48*c - 57. Give k(-3).
87
Let r(n) = n**3 + 43*n**2 + 222*n - 20. Calculate r(-37).
-20
Let s(a) = -a**3 + 28*a**2 - 32*a + 45. Calculate s(27).
-90
Let d(c) = 2*c**3 - 3*c**2 - 71*c + 204. Give d(3).
18
Let i(q) = -q**3 - 7*q**2 - 29*q - 97. Calculate i(-5).
-2
Let t(p) = -2*p**2 + 22*p + 193. Give t(-7).
-59
Let f(r) = -75*r + 201. What is f(3)?
-24
Let f(h) = -h**3 - 31*h**2 + 29*h + 316. Determine f(-32).
412
Let v(b) = b**3 - 8*b**2 + 7*b + 13. Determine v(7).
13
Let o(l) = -37*l - 126. Determine o(4).
-274
Let b(l) = -14*l**2 + 268*l - 11. Determine b(19).
27
Let k(d) = -101*d + 545. Determine k(4).
141
Let h(y) = y**3 - 20*y + 51. Give h(3).
18
Let g(m) = -m**2 - 14*m - 59. What is g(-5)?
-14
Let g(s) = 28*s**3 + 6*s**2 + 8*s + 3. Calculate g(-1).
-27
Let b(o) = -60*o - 1605. Give b(-27).
15
Let r(w) = -213*w + 2562. Give r(12).
6
Let t(d) = 459*d + 18830. Determine t(-41).
11
Let k(i) = i - 158. What is k(-47)?
-205
Let f(d) = d**3 - 20*d**2 + 96*d - 16. Give f(7).
19
Let c(m) = 4*m**2 - 44*m - 41. What is c(10)?
-81
Let t(q) = 274*q + 2736. What is t(-10)?
-4
Let h(l) = 2409*l - 9. Calculate h(0).
-9
Let m(o) = 671*o - 39. Determine m(0).
-39
Let a(b) = -b**2 - 22*b - 108. What is a(-17)?
-23
Let h(v) = v**2 - 810*v + 5609. Determine h(7).
-12
Let u(c) = -7*c**3 + 349*c**2 + 66*c - 801. Calculate u(50).
-1
Let p(z) = 3*z**2 - 139*z + 1474. Determine p(30).
4
Let o(y) = -110*y - 5942. Give o(-53).
-112
Let f(d) = 3*d**2 + 10*d - 29. Calculate f(-6).
19
Let m(r) = 2*r**2 + 15*r - 48. What is m(7)?
155
Let j(i) = -91*i + 461. Determine j(5).
6
Let v(y) = 16*y**2 - 51*y + 99. What is v(2)?
61
Let s(v) = v**3 + 167*v**2 - 337*v - 2. Determine s(2).
0
Let l(z) = -21*z**2 + 54*z + 310. Determine l(-5).
-485
Let k(j) = -23*j**3 + 8*j**2 + 5*j - 3. What is k(-1)?
23
Let d(x) = -22*x + 329. Determine d(17).
-45
Let p(w) = 3737*w + 18691. Calculate p(-5).
6
Let n(b) = 4218*b - 291051. Calculate n(69).
-9
Let i(m) = 1534*m + 24543. What is i(-16)?
-1
Let r(b) = 85*b + 703. Calculate r(-6).
193
Let y(r) = 4*r**2 - 7*r - 29. Give y(5).
36
Let r(k) = 63*k - 76. What is r(0)?
-76
Let f(x) = 3*x**2 + 50*x + 56. Determine f(-17).
73
Let o(q) = q**3 - 16*q**2 + 30*q - 30. Calculate o(14).
-2
Let p(i) = 141*i - 13159. Give p(93).
-46
Let t(x) = -x**2 - 110*x + 98. Give t(0).
98
Let p(v) = -923*v - 45236. Give p(-49).
-9
Let w(y) = y**3 - 12*y**2 - 42*y - 11. Give w(15).
34
Let h(r) = -297*r + 10978. Calculate h(37).
-11
Let v(t) = -t**2 + 78*t - 370. Determine v(5).
-5
Let j(c) = -2*c**3 - 197*c**2 - 129*c - 3044. Calculate j(-98).
-6
Let s(z) = -3*z**3 + 7*z**2 + 77*z - 3. What is s(-5)?
162
Let a(k) = 4*k**3 + 25*k**2 + 5*k - 15. Determine a(-6).
-9
Let m(y) = -10*y**3 + 7*y**2 - 4*y + 4. What is m(2)?
-56
Let k(j) = -226*j + 23329. Give k(103).
51
Let f(l) = 15*l**2 + 5*l + 19. Determine f(-3).
139
Let x(t) = -t**3 + 13*t**2 - 45. Calculate x(11).
197
Let m(d) = -2*d**2 + 36*d. Determine m(0).
0
Let j(s) = 148*s - 2191. Calculate j(15).
29
Let s(v) = -27*v + 594. What is s(23)?
-27
Let s(i) = i**3 - 16*i**2 + 5*i - 31. Give s(15).
-181
Let s(z) = -81*z + 709. Determine s(9).
-20
Let i(o) = -5*o**2 + 114*o - 78. Determine i(22).
10
Let c(k) = -15*k**2 - 17*k + 1. What is c(4)?
-307
Let a(z) = z**3 - 8*z**2 + 13*z - 124. Give a(8).
-20
Let o(m) = 144*m + 1302. Calculate o(-9).
6
Let r(u) = -3*u**2 + 53*u - 17. Give r(21).
-227
Let t(n) = -2*n**2 + 80*n - 407. Give t(6).
1
Let o(y) = -4956*y - 99119. What is o(-20)?
1
Let d(o) = o**3 + 5*o**2 - 140*o - 811. Determine d(-6).
-7
Let n(w) = -w**2 + 39*w - 252. Give n(34).
-82
Let w(x) = -x**2 + 111*x - 1370. What is w(14)?
-12
Let u(j) = 783*j + 3897. Calculate u(-5).
-18
Let m(s) = 2*s**3 - 27*s**2 - 53*s + 112. What is m(15)?
-8
Let j(h) = -62*h + 1151. What is j(18)?
35
Let b(i) = -2*i**2 + 69*i + 525. What is b(41)?
-8
Let f(s) = 63*s - 3251. Give f(51).
-38
Let b(p) = -4*p**2 - 33*p + 35. Give b(-7).
70
Let c(x) = -x**3 + 83*x**2 + 349*x - 94. What is c(87)?
-7
Let l(k) = -7*k**2 + 54*k + 26. Determine l(8).
10
Let p(r) = -3*r**2 + 101*r + 439. What is p(-4)?
-13
Let p(x) = -32*x - 132. Give p(-5).
28
Let s(v) = 31*v - 591. Determine s(26).
215
Let h(b) = -3*b**3 - 25*b**2 - 11*b - 21. What is h(-8)?
3
Let z(o) = -o**3 + 86*o**2 - 167*o + 11. Give z(84).
95
Let a(h) = 74*h + 1152. Calculate a(-17).
-106
Let i(r) = -6*r**2 + 58*r - 11. Calculate i(4).
125
Let h(q) = -q**2 + 136*q + 711. Give h(141).
6
Let j(o) = o + 87. Determine j(46).
133
Let w(h) = 2*h**2 - 44*h + 8. What is w(15)?
-202
Let r(z) = -19*z**2 + 6*z - 5. Calculate r(4).
-285
Let g(y) = 24*y + 232. What is g(-6)?
88
Let t(k) = k**3 - 8*k**2 - 5*k + 29. Calculate t(10).
179
Let f(n) = -4*n**2 + 5*n + 42. Give f(-3).
-9
Let n(w) = -2*w**2 - 349*w + 12044. Give n(-204).
8
Let j(l) = -5*l**3 - 10*l**2 - 125*l - 421. Determine j(-3).
-1
Let p(k) = 9*k +